6
Let u(c) = -c**2 + 83*c - 963. Determine u(69).
3
Let d(u) = -u**3 - 7*u**2 + 174*u + 11. What is d(9)?
281
Let u(i) = 263*i + 4270. Give u(-16).
62
Let h(i) = -i**3 - 10*i**2 + 20*i - 37. Give h(-12).
11
Let q(k) = -26*k + 116. Determine q(7).
-66
Let q(f) = -326*f - 4895. What is q(-15)?
-5
Let c(i) = -2*i**3 + 70*i**2 - 255*i + 64. What is c(31)?
-153
Let l(i) = i**3 - 20*i**2 + 52*i + 69. What is l(16)?
-123
Let q(i) = -2*i**2 + 21*i + 85. What is q(-5)?
-70
Let b(f) = f**3 + 40*f**2 + 26*f - 511. Calculate b(-39).
-4
Let v(x) = -2*x**2 - 27*x + 120. Determine v(13).
-569
Let s(d) = -d**3 + 5*d**2 + 2*d. What is s(5)?
10
Let n(d) = d**3 + 9*d**2 - 46*d - 372. What is n(-10)?
-12
Let w(u) = -u**3 - 7*u**2 - 3*u + 37. Determine w(-5).
2
Let s(m) = -10*m + 583. Calculate s(53).
53
Let n(m) = m**3 - 50*m**2 - 397*m - 141. Give n(57).
-27
Let b(n) = n**2 + 4*n - 11. Determine b(-12).
85
Let w(f) = -4*f**3 - 32*f**2 + 29*f + 250. Give w(-9).
313
Let c(j) = 8*j - 212. What is c(24)?
-20
Let k(h) = 5238*h + 47072. What is k(-9)?
-70
Let a(l) = 190*l**2 + 65*l - 64. Give a(1).
191
Let s(y) = 17*y**2 - 959*y + 955. Calculate s(1).
13
Let c(u) = -2*u**2 - 242*u + 6623. What is c(-144)?
-1
Let y(x) = -x**3 - 19*x**2 - 35*x - 2. What is y(-18)?
304
Let u(x) = -228*x**2 - 8*x + 8. Calculate u(1).
-228
Let z(o) = -2*o**3 + 3*o**2 + 28*o + 82. Calculate z(-3).
79
Let s(o) = 19*o**2 + 29*o - 328. What is s(-5)?
2
Let y(b) = -2*b**3 - 2*b**2 + 24*b + 4. What is y(-4)?
4
Let t(c) = -26*c + 10. What is t(-5)?
140
Let k(t) = -t**3 + 19*t**2 + 42*t - 50. What is k(21)?
-50
Let m(h) = 30*h - 111. What is m(-8)?
-351
Let a(p) = 2*p**2 + 19*p + 4. What is a(-14)?
130
Let f(a) = 3*a**3 - 31*a**2 - 180. What is f(11)?
62
Let d(w) = 7*w**2 - 357*w + 697. Give d(49).
11
Let g(v) = 2*v**3 + 53*v**2 - 21*v - 112. Give g(-27).
-274
Let b(a) = -460*a - 7362. Determine b(-16).
-2
Let c(w) = 2*w**3 - 17*w**2 + 31*w - 13. Determine c(6).
-7
Let i(p) = -p**2 + 797*p - 18547. Calculate i(24).
5
Let w(y) = -82*y + 1262. Give w(16).
-50
Let x(c) = -2631*c + 15792. Give x(6).
6
Let b(f) = 885*f - 8840. Give b(10).
10
Let p(l) = l**3 - 26*l**2 - 60*l - 76. Determine p(28).
-188
Let z(j) = -j**3 + 93*j**2 - 754*j - 5. What is z(9)?
13
Let o(x) = -x**3 + 6*x**2 + 4*x - 1. Calculate o(0).
-1
Let g(x) = 473*x - 5603. Determine g(12).
73
Let w(i) = 25*i**2 - 485*i - 290. What is w(20)?
10
Let b(u) = 120*u + 1152. What is b(-10)?
-48
Let f(l) = -2*l**3 - 6*l**2 - 15*l - 41. What is f(-3)?
4
Let q(u) = u**2 - 3236*u - 6477. Give q(-2).
-1
Let w(k) = -k**2 - 29*k - 17. What is w(-28)?
11
Let n(g) = 18*g + 311. Calculate n(-20).
-49
Let a(s) = 464*s**2 - 29695*s - 48. Determine a(64).
16
Let d(p) = 316*p - 1898. Determine d(6).
-2
Let j(s) = s**2 + 38*s - 36. Determine j(1).
3
Let u(y) = -41*y + 493. What is u(12)?
1
Let d(c) = -c**3 - 62*c**2 - 8*c - 482. Give d(-62).
14
Let x(n) = -n**2 + 454*n + 2744. Determine x(-6).
-16
Let o(g) = g**3 - 14*g**2 + 41*g - 9. What is o(6)?
-51
Let q(x) = -3*x**2 + 729*x + 728. Determine q(-1).
-4
Let u(f) = 2*f**3 - 9*f**2 - f - 7. Give u(5).
13
Let w(k) = -14*k**3 + 281*k**2 - 19*k - 12. What is w(20)?
8
Let d(c) = -2*c**3 + 39*c**2 - 30*c + 212. What is d(19)?
3
Let n(i) = 14*i - 62. What is n(21)?
232
Let z(x) = -x**2 - 38*x - 237. Give z(-27).
60
Let a(s) = s**2 + 23*s - 45. Determine a(-25).
5
Let l(s) = 4*s**2 + 53*s - 145. Give l(-15).
-40
Let p(b) = 77*b + 290. What is p(-6)?
-172
Let n(j) = 4*j**2 - 9*j + 10. Give n(5).
65
Let f(p) = -3*p**2 + 43*p + 606. Determine f(23).
8
Let j(g) = -1072*g - 3213. What is j(-3)?
3
Let f(w) = -10*w + 27. Give f(4).
-13
Let g(z) = 129*z - 907. Determine g(7).
-4
Let o(g) = 29*g - 285. What is o(3)?
-198
Let c(o) = o**3 - 7*o**2 - 5*o - 52. Calculate c(8).
-28
Let o(z) = z**2 - 51*z + 520. Calculate o(37).
2
Let c(l) = -7*l**3 - 6*l**2 - l + 15. What is c(-3)?
153
Let o(p) = p**2 - 77*p + 1328. Calculate o(26).
2
Let w(q) = -2*q**3 + 21*q**2 + 19*q - 54. Give w(11).
34
Let z(n) = -198*n**3 + 1387*n**2 - 4*n - 23. Calculate z(7).
-2
Let a(i) = i**3 + 6*i**2 + 117*i + 422. Calculate a(-4).
-14
Let o(l) = -l**3 - 3*l**2 + 3*l - 95. What is o(-6)?
-5
Let d(h) = -7555*h + 98219. What is d(13)?
4
Let c(o) = o**3 + 66*o**2 - 283*o - 213. Give c(-70).
-3
Let x(y) = 170*y + 15. Determine x(2).
355
Let i(k) = -3*k**2 - 21*k + 5372. Determine i(39).
-10
Let d(o) = -12*o**3 - 51*o**2 + 10*o + 12. What is d(-5)?
187
Let f(j) = -21*j - 709. What is f(-42)?
173
Let m(k) = k**3 - 4*k**2 - 2*k - 48. Determine m(-5).
-263
Let d(k) = 7*k**2 - 97*k + 146. Give d(14).
160
Let s(k) = k**3 + 13*k**2 + 62*k + 578. Determine s(-12).
-22
Let w(b) = -b**3 + 10*b**2 - 7*b. Give w(5).
90
Let q(s) = 254*s + 5286. Give q(-22).
-302
Let h(a) = 7*a**2 + 257*a - 67. Determine h(-37).
7
Let t(b) = b**2 - 7*b - 1948. Determine t(48).
20
Let t(q) = -10*q**2 - 90*q + 112. What is t(-10)?
12
Let x(j) = -j**2 - 1237*j + 7468. Give x(6).
10
Let c(w) = 269*w - 365. Calculate c(3).
442
Let y(m) = -m**3 - 4*m**2 + 8*m + 1. Calculate y(-5).
-14
Let b(y) = y**3 - 38*y**2 - 40*y - 27. What is b(39)?
-66
Let n(f) = -7*f - 46. Determine n(-17).
73
Let l(k) = -k**3 - 7*k**2 + 15*k - 155. Determine l(-10).
-5
Let t(a) = -2*a**3 - 2*a**2 + 2*a + 6. Determine t(0).
6
Let z(u) = -81*u + 406. What is z(5)?
1
Let p(j) = 5*j**2 + 304*j - 100. Determine p(-61).
-39
Let r(k) = -63*k + 4040. Give r(64).
8
Let l(u) = 80*u**2 + 726*u - 18. Give l(-9).
-72
Let m(j) = 5*j**3 + 63*j**2 + 35*j + 15. What is m(-12)?
27
Let u(q) = -11*q + 207. What is u(19)?
-2
Let t(z) = 3*z**3 - 282*z**2 + 3*z + 8. Give t(94).
290
Let s(r) = r**3 + 10*r**2 - 9*r - 27. Give s(-11).
-49
Let h(u) = -80*u - 1145. What is h(-15)?
55
Let j(z) = -39*z**2 + 770*z + 193. Determine j(20).
-7
Let p(w) = 2*w**3 - 38*w**2 - 32*w - 102. Determine p(20).
58
Let u(t) = 8*t**2 - 125*t - 18. What is u(18)?
324
Let p(c) = -7*c**2 + 31*c - 33. Give p(0).
-33
Let j(n) = -273*n - 1321. Calculate j(-5).
44
Let f(r) = 78*r + 1328. Calculate f(-17).
2
Let t(p) = 13*p + 145. Determine t(-11).
2
Let i(q) = -85*q + 19. Give i(7).
-576
Let i(j) = -5*j**2 + 659*j - 496. Determine i(131).
28
Let g(y) = -y**2 - 34*y + 123. Determine g(3).
12
Let h(r) = r**3 + 14*r**2 - 93*r + 10. What is h(5)?
20
Let a(i) = 2*i**2 + 465*i - 4852. Calculate a(10).
-2
Let l(z) = 2*z**2 + 185*z + 315. Give l(-91).
42
Let z(k) = -102*k**2 + 212*k - 2. Calculate z(2).
14
Let b(q) = q**2 - 39*q - 148. Determine b(45).
122
Let c(a) = 255*a + 4355. What is c(-16)?
275
Let p(u) = 6*u**2 + 16*u - 31. What is p(2)?
25
Let n(a) = 4*a**2 + 16*a - 26. Give n(-5).
-6
Let w(s) = s**3 - s**2 - 13*s + 6. Determine w(5).
41
Let b(c) = 1305*c**2 - 16*c - 2. Give b(1).
1287
Let s(p) = -2*p**2 - 13*p - 55. Determine s(8).
-287
Let k(u) = -u**2 - 203*u - 6908. Calculate k(-43).
-28
Let b(w) = -w**3 + 12*w**2 - 43*w - 5. Determine b(10).
-235
Let q(z) = z**3 + 83*z**2 + 163*z + 68. Give q(-81).
-13
Let c(l) = -3*l**3 + 105*l**2 - 81*l - 576. Calculate c(34).
138
Let h(n) = -23*n + 361. What is h(14)?
39
Let w(h) = h**2 + 1099*h - 11076. Determine w(10).
14
Let i(y) = -11*y**3 + 344*y**2 - 95*y + 51. Determine i(31).
-11
Let n(h) = -1508*h - 9025. Calculate n(-6).
23
Let f(g) = -78*g + 11. Calculate f(2).
-145
Let s(h) = -h**2 - 31*h + 87. Give s(-24).
255
Let f(x) = -787*x - 3862. Determine f(-5).
73
Let b(u) = -6*u**2 - 49*u + 47. Give b(-6).
125
Let x(w) = -5*w**2 - 309*w - 280. Calculate x(-61).
-36
Let a(o) = 6*o**2 + 63*o - 20. Determine a(-11).
13
Let v(o) = o**3 + 13*o**2 - 35*o + 68. What is v(-16)?
-140
Let c(p) = 8*p - 65. What is c(14)?
47
Let k(x) = -74*x - 208. Give k(-4).
88
Let k(r) = -r**3 - 35*r**2 - 127*r - 4485. Determine k(-35).
-40
Let o(i) = 91*i + 848. Determine o(-9).
29
Let w(z) = z**2 + 106*z - 1676. What is w(-120)?
4
Let s(d) = -d**3 + 11*d**2 - 5*d + 18. Calculate s(10).
68
Let z(o) = -o**2 + 14*o - 17. Calculate z(15).
-32
Let a(i) = 2046*i + 10224. Determine a(-5).
-6
Let a(k) = -k**2 - 6*k + 86. What is a(0)?
86
Let o(k) = -k**2 - 17*k - 2. Give o(-3).
40
Let n(r) = -164*r + 5742. Determine n(35).
2
Let x(q) = -q**2 + 32*q + 201. What is x(-7)?
-72
Let a(k) = -k**3 - 9*k**2 + 30*k + 90. Calculate a(-11).
2
Let x(q) = -q**2 + 